(h) = -h**3 + 14*h**2 + 21*h - 293. Calculate d(14).
1
Let x(h) = -19*h**2 + 2*h - 1. What is x(1)?
-18
Let y(p) = 208*p**2 + 9*p - 14. Calculate y(2).
836
Let s(d) = -4*d**2 + 414*d + 3825. Give s(112).
17
Let g(m) = 112*m**2 - 103*m. Determine g(1).
9
Let r(k) = 2*k**3 + 9*k**2 + 21*k + 409. Give r(-7).
17
Let f(b) = -4*b + 165. Determine f(8).
133
Let p(l) = -5*l**2 + 14*l + 1065. What is p(-13)?
38
Let o(l) = -15*l**2 - 34*l. Give o(-5).
-205
Let a(o) = o**3 + 8*o**2 - 31*o - 139. Give a(-8).
109
Let j(s) = -s**3 + 81*s**2 + 169*s - 135. Determine j(83).
114
Let c(q) = q**3 + 7*q**2 + 16*q + 13. Calculate c(-4).
-3
Let g(v) = -v**3 - 5*v**2 + 43*v + 287. Calculate g(-7).
84
Let w(p) = -3*p**3 + 173*p**2 + 608*p + 119. Calculate w(61).
-3
Let i(o) = o**2 + 4676*o + 14033. Calculate i(-3).
14
Let m(k) = 2*k**3 + 169*k**2 - 254*k + 386. Determine m(-86).
42
Let f(w) = -85*w + 744. What is f(9)?
-21
Let v(r) = 388*r - 1924. Calculate v(5).
16
Let i(n) = 35*n - 9530. Calculate i(272).
-10
Let o(v) = -19*v**2 + 44*v + 49. Determine o(-3).
-254
Let r(w) = -79*w + 414. Give r(5).
19
Let x(l) = -65*l - 525. What is x(-12)?
255
Let u(c) = 135*c - 3336. Calculate u(24).
-96
Let z(r) = -2*r**2 - 3. Give z(1).
-5
Let y(i) = 191*i**2 + 175*i + 176. What is y(-1)?
192
Let s(v) = -v**2 - 78*v - 518. Determine s(-68).
162
Let d(h) = -2*h**3 - 58*h**2 - 7*h - 204. Determine d(-29).
-1
Let q(g) = 57*g - 291. Calculate q(5).
-6
Let f(c) = -551*c + 58413. What is f(106)?
7
Let h(k) = -11*k**2 - 147*k + 291. Give h(-15).
21
Let f(m) = 8*m**3 + 76*m**2 - 31*m + 105. Calculate f(-10).
15
Let n(b) = 84*b**2 + 3*b - 7. Calculate n(2).
335
Let x(h) = -5724*h - 80165. Give x(-14).
-29
Let v(k) = -3*k**2 + 532*k - 206. Give v(177).
-29
Let o(y) = 301*y - 1842. Calculate o(7).
265
Let n(g) = -11*g**3 + 1243*g**2 - 3*g + 350. What is n(113)?
11
Let m(y) = -27*y + 183. What is m(-5)?
318
Let d(x) = 12*x - 517. Give d(44).
11
Let o(u) = u**3 - 15*u**2 + 46*u + 24. Determine o(10).
-16
Let w(a) = -70*a - 102. Determine w(-3).
108
Let r(b) = -b**2 + 1293*b + 11702. Calculate r(-9).
-16
Let j(m) = 35*m + 106. Determine j(-6).
-104
Let p(h) = h**2 - 3*h + 23. Give p(7).
51
Let a(c) = -3*c**2 + 76*c - 265. Give a(21).
8
Let z(d) = 13*d + 493. What is z(-45)?
-92
Let s(b) = b**2 - 530*b + 1575. What is s(3)?
-6
Let o(l) = 2846*l - 8521. Give o(3).
17
Let a(i) = 23*i + 179. What is a(0)?
179
Let b(t) = -10*t**2 + 9*t + 35. Calculate b(-4).
-161
Let o(l) = 18*l**2 - 174*l + 3. Give o(9).
-105
Let g(f) = f**3 - 17*f**2 + 23*f - 2. What is g(5)?
-187
Let j(l) = 12*l**2 - 1225*l + 112. Give j(102).
10
Let a(c) = 2236*c + 17841. Give a(-8).
-47
Let i(f) = -f**2 + 25*f - 100. Give i(5).
0
Let w(u) = -19*u - 191. What is w(-14)?
75
Let n(z) = -51*z**3 + 4*z**2 - 6*z + 5. Give n(1).
-48
Let r(s) = -628*s + 13166. What is r(21)?
-22
Let a(v) = -19*v**2 - 79*v - 378. Give a(-5).
-458
Let y(i) = 17*i**2 + 60*i - 119. Determine y(-5).
6
Let x(a) = -3*a**2 + 19*a + 50. Calculate x(9).
-22
Let a(f) = 6*f - 307. What is a(56)?
29
Let t(j) = -77*j + 1. Determine t(-1).
78
Let t(p) = 6*p**3 + 22*p**2 + p + 24. What is t(-5)?
-181
Let r(y) = 163*y - 1462. What is r(9)?
5
Let z(x) = 96*x + 37. What is z(-3)?
-251
Let x(m) = -m**2 + 186*m - 1603. Determine x(9).
-10
Let d(g) = -37*g + 1219. Determine d(26).
257
Let h(y) = 4*y**2 - 72*y + 282. Give h(6).
-6
Let x(n) = -4*n**2 + 90*n + 32. What is x(23)?
-14
Let y(r) = 52*r + 176. Calculate y(-2).
72
Let w(u) = -10*u - 335. What is w(-64)?
305
Let p(q) = q**3 - 5*q**2 - 10*q + 93. What is p(4)?
37
Let x(d) = 106*d + 1519. What is x(-16)?
-177
Let q(m) = -m**2 + 2825*m - 53328. Determine q(19).
-14
Let w(t) = -15*t**2 - 7*t + 77. What is w(2)?
3
Let h(m) = m**3 - 8*m**2 + 17*m - 165. What is h(7)?
-95
Let t(s) = -17*s**2 - 68*s + 1. Calculate t(-4).
1
Let m(p) = -41*p - 2439. Give m(-60).
21
Let u(v) = -92*v + 7630. Determine u(83).
-6
Let b(a) = -3*a**2 - 260*a - 5518. Determine b(-37).
-5
Let q(n) = -22*n**3 + 420*n**2 - 41*n + 55. Determine q(19).
-2
Let m(x) = -22*x**2 - 1117*x + 165. Give m(-51).
-90
Let m(s) = -318*s + 31152. Calculate m(98).
-12
Let n(a) = a**3 - 2*a**2 + 11*a - 36. Determine n(4).
40
Let d(y) = -62*y - 222. Give d(-7).
212
Let q(z) = -z**3 - 92*z**2 - 591*z + 349. Calculate q(-85).
9
Let f(d) = 2*d**2 + 34*d - 1247. Calculate f(-35).
13
Let o(n) = n**3 - 15*n**2 + 28*n + 88. Calculate o(12).
-8
Let q(i) = 11*i**3 + 4*i**2 + 14*i + 20. Determine q(-2).
-80
Let n(h) = 16*h**2 - 5*h + 5. Determine n(-3).
164
Let n(w) = w**3 + 319*w**2 + 880*w - 21488. What is n(-316)?
0
Let n(f) = 22*f**2 - 40*f + 26. What is n(1)?
8
Let g(i) = -6*i**2 + 78*i - 75. Calculate g(12).
-3
Let n(a) = -195*a - 25546. What is n(-131)?
-1
Let y(j) = -56*j - 1918. Determine y(-34).
-14
Let k(w) = 144*w - 674. Give k(5).
46
Let k(s) = -s**2 + 892*s - 1777. Determine k(2).
3
Let g(m) = -11*m**2 + 503*m - 358. Calculate g(45).
2
Let z(l) = -l**2 - 1748*l - 13928. Calculate z(-8).
-8
Let x(p) = -p**3 - 53*p**2 - 89*p + 473. Give x(-51).
-190
Let b(i) = 4*i**3 - 9*i**2 + 4*i. Give b(-3).
-201
Let y(q) = 19*q**2 - 215*q + 29. Calculate y(11).
-37
Let a(w) = -25*w + 199. Determine a(3).
124
Let x(n) = -979*n - 3921. What is x(-4)?
-5
Let k(m) = -248*m - 8. Calculate k(2).
-504
Let m(o) = -9*o**3 - 38*o**2 + 10*o + 29. Give m(-5).
154
Let w(p) = -40*p**2 - 358*p + 20. Calculate w(-9).
2
Let y(f) = -51*f - 269. Calculate y(-5).
-14
Let z(j) = j**2 + 44*j + 331. Determine z(-12).
-53
Let w(c) = -17*c - 1740. Calculate w(-102).
-6
Let w(b) = -2*b**2 - 36*b + 216. Calculate w(7).
-134
Let b(y) = 34*y - 1486. Give b(45).
44
Let c(p) = -86*p - 303. What is c(0)?
-303
Let h(a) = -2*a**2 - 283*a - 6185. What is h(-27)?
-2
Let o(s) = 4916*s - 9839. Determine o(2).
-7
Let c(v) = 155*v**2 - 635*v + 64. Determine c(4).
4
Let m(h) = -h**2 + 43*h + 121. Determine m(-4).
-67
Let t(o) = -928*o - 1852. Determine t(-2).
4
Let a(c) = -c**3 + 82*c**2 + 164*c + 349. Calculate a(84).
13
Let q(w) = -11*w**2 + 171*w + 11. What is q(15)?
101
Let n(g) = 16*g - 5. What is n(-2)?
-37
Let q(t) = -3327*t + 3332. Give q(1).
5
Let q(t) = t**2 - 28*t + 418. Calculate q(19).
247
Let z(l) = 119*l + 2973. Calculate z(-25).
-2
Let n(s) = -s**3 - 9*s**2 - 7*s + 12. What is n(-8)?
4
Let n(a) = a**3 + 40*a**2 - 4*a + 83. Calculate n(-40).
243
Let d(m) = -2*m**2 - 13*m + 37. What is d(-9)?
-8
Let y(d) = 9*d + 269. Give y(-29).
8
Let c(l) = -l**2 - 14*l - 2. Determine c(-15).
-17
Let s(w) = 14*w**3 + 454*w**2 + 218*w + 826. Determine s(-32).
-6
Let p(c) = c**2 + 17*c + 66. What is p(-13)?
14
Let i(b) = 194*b + 153. Determine i(-1).
-41
Let m(s) = -s**2 + 49*s - 42. What is m(0)?
-42
Let m(u) = -116*u - 14482. Determine m(-125).
18
Let t(u) = -7*u**2 + 1785*u + 1767. Calculate t(256).
-25
Let g(f) = f**3 + 2*f**2 + 20*f + 43. What is g(-2)?
3
Let g(l) = l**3 - 8*l**2 - 133*l + 996. Determine g(7).
16
Let h(x) = 161*x + 90. Give h(-1).
-71
Let r(c) = c**3 - 20*c**2 + 45*c - 15. Give r(17).
-117
Let z(l) = -54*l**2 + 34*l - 8. Calculate z(0).
-8
Let b(t) = -305*t**2 - 5494*t - 70. What is b(-18)?
2
Let a(j) = 2*j**3 + 12*j**2 + 7*j + 150. Give a(-7).
3
Let h(j) = -56*j + 90. What is h(3)?
-78
Let v(n) = n**2 + 47*n - 189. Give v(4).
15
Let d(i) = -i**3 + 5*i**2 + 42*i - 28. What is d(9)?
26
Let w(v) = -861*v - 869. Give w(-1).
-8
Let y(o) = 45*o**3 - 4*o**2 + 6*o + 18. Calculate y(-2).
-370
Let h(g) = 8*g + 220. What is h(-18)?
76
Let c(x) = x**2 + 34*x - 209. Determine c(7).
78
Let f(z) = 9*z**2 + 449*z - 6. Determine f(-50).
44
Let x(c) = 77*c - 116. Give x(4).
192
Let a(g) = -375*g - 7503. Give a(-20).
-3
Let n(b) = 127*b + 765. What is n(4)?
1273
Let j(n) = 21*n**3 - 170*n**2 + 9*n. Give j(8).
-56
Let y(o) = 3*o**2 - 29*o - 365. Determine y(17).
9
Let m(c) = c**3 + 25*c**2 - 114*c + 16. Give m(-29).
-42
Let z(l) = 1250*l + 2466. Give z(-2).
-34
Let i(g) = -g**3 + 5*g**2 + 283*g - 1433. Give i(5).
-18
Let n(s) = -s**2 - 17*s + 47. What is n(2)?
9
Let y(g) = -g**2 + 68*g - 160. Determine y(53).
635
Let v(p) = -p**3 + 24*p**2 + 47*p - 1610. Calculate v(23).
0
Let z(r) = 2*r**2 + 86*r + 852. Determine z(-15).
12
Let i(v) = -34*v + 282. What is i(6)?
78
Let l(i) = 52*i**2 + 827*i - 6. What is l(-16)?
74